{"id":35414,"date":"2015-05-13T15:01:42","date_gmt":"2015-05-13T15:01:42","guid":{"rendered":"http:\/\/sitelovecraft.com\/editora\/?page_id=35414"},"modified":"2023-04-05T16:21:53","modified_gmt":"2023-04-05T19:21:53","slug":"opinioes","status":"publish","type":"page","link":"https:\/\/sitelovecraft.com\/editora\/opinioes\/","title":{"rendered":"Opini\u00f5es"},"content":{"rendered":"\n<div style=\"width: 70%; margin: 0 auto;\"><div class=\"katb_input_style\"><form method=\"POST\"><label class=\"katb_input_label1\">Nome *<\/label><input type=\"text\"  maxlength=\"100\" name=\"tb_author\" placeholder=\"\" \/><br\/><label class=\"katb_input_label1\">E-mail *<\/label><input type=\"text\"  maxlength=\"100\" name=\"tb_email\" placeholder=\" \" \/><br\/><label class=\"katb_input_label2\">Opini\u00e3o *<\/label><br\/><textarea class=\"katb-input-textarea\" rows=\"5\" name=\"tb_testimonial\" placeholder=\"\"><\/textarea><span class=\"katb_submit_reset\"><input type=\"hidden\" name=\"katb_form_no\" value=\"1\"><input class=\"katb_submit\" type=\"submit\" name=\"katb_submitted1\" value=\"Enviar\" \/><input class=\"katb_reset\" type=\"submit\" name=\"katb_reset\" value=\"Limpar\" \/><input type=\"hidden\" id=\"katb_main_form_nonce1\" name=\"katb_main_form_nonce1\" value=\"7f263f3cb0\" \/><\/span><\/form><span class=\"katb_required_label\">* Requerido<\/span><\/div><\/div>\n\n\n\n<p>&nbsp;<\/p>\n\n\n\n<hr class=\"wp-block-separator has-alpha-channel-opacity\"\/>\n\n\n\n<div class=\"wp-block-columns is-layout-flex wp-container-2\">\n<div class=\"wp-block-column is-layout-flow\" style=\"flex-basis:100%\"><div class=\"katb_test_wrap_basic\">\n\t\t\t<div class=\"katb_test_box_basic\">\n\t\t\t<div class=\"katb_title_rating_wrap\">\n\t\t\t\t\t\t<\/div>\n\t\t\t<div class=\"katb_meta_top\">\n\t\t\t\t\t<span class=\"katb_author\">\n\t\t\tEduardo Cruz\t\t\t&nbsp;&nbsp;\t\t<\/span>\n\t\t\t\t\t<\/div>\n\t\t\t<div class=\"katb_testimonial_wrap\">\n\t\t\t\t\t\t<div class=\"katb_test_text_basic\" >\n\t\t<p>Recebi o livro aqui. Tudo em ordem. Agora que tenho a edi\u00e7\u00e3o em m\u00e3os vejo o trabalho que a Clock Tower faz, e \u00e9 por puro amor a esse nicho do horror c\u00f3smico. Desculpe pela minha rispidez nos contatos anteriores, mas eu estava achando os procedimentos de confirma\u00e7\u00e3o de pagamento e de envio muito arrastados. Na pr\u00f3xima compra serei mais compreensivo, e mais uma vez elogios ao capricho extremo na confec\u00e7\u00e3o dos livros. Em breve farei um post sobre esse <\/p><a href=\"#\" class=\"katb_excerpt_more\" data-id=\"katb_content_5\" > ...more<\/a>\t\t<\/div>\n\t\t\t\t\t<\/div>\n\t\t<\/div>\n\t\t\t<div id=\"popwrap_katb_content_5\">\n\t<div class=\"katb_topopup\" id=\"katb_content_5\">\n\t\t<div class=\"katb_close\"><\/div>\n\t\t<div class=\"katb_popup_wrap katb_content\">\n\t\t\t<div class=\"katb_title_rating_wrap\">\n\t\t\t\t\t\t<\/div>\n\t\t\t<div class=\"katb_meta_top\">\n\t\t\t\t\t\t<span class=\"katb_author\">\n\t\t\tEduardo Cruz\t\t\t&nbsp;&nbsp;\t\t<\/span>\n\t\t\t\t\t<\/div>\n\t\t\t<div class=\"katb_testimonial_wrap\">\n\t\t\t\t\t<div class=\"katb_test_text_basic\" >\n\t\t<p>Recebi o livro aqui. Tudo em ordem. Agora que tenho a edi\u00e7\u00e3o em m\u00e3os vejo o trabalho que a Clock Tower faz, e \u00e9 por puro amor a esse nicho do horror c\u00f3smico. Desculpe pela minha rispidez nos contatos anteriores, mas eu estava achando os procedimentos de confirma\u00e7\u00e3o de pagamento e de envio muito arrastados. Na pr\u00f3xima compra serei mais compreensivo, e mais uma vez elogios ao capricho extremo na confec\u00e7\u00e3o dos livros. Em breve farei um post sobre esse t\u00edtulo em meu blog (www.zonanegativa2014. blogspot.com.br) e tentarei nele fazer com que os leitores conhe\u00e7am a editora Clock Tower.<\/p>\n\t\t<\/div>\n\t\t\t\t\t<\/div>\n\t\t<\/div>\n\t<\/div>\n\t<div class=\"katb_loader\"><\/div>\n\t<div class=\"katb_excerpt_popup_bg\" id=\"katb_content_5_bg\"><\/div>\n\t<\/div>\n\t\t\t<div class=\"katb_test_box_basic\">\n\t\t\t<div class=\"katb_title_rating_wrap\">\n\t\t\t\t\t\t<\/div>\n\t\t\t<div class=\"katb_meta_top\">\n\t\t\t\t\t<span class=\"katb_author\">\n\t\t\tSilas Roberto Rocha Lima\t\t\t&nbsp;&nbsp;\t\t<\/span>\n\t\t\t\t\t<\/div>\n\t\t\t<div class=\"katb_testimonial_wrap\">\n\t\t\t\t\t\t<div class=\"katb_test_text_basic\" >\n\t\t<p>Acabei de receber um exemplar do Weird Western, horror e fantasia no velho oeste. Estou muito satisfeito com a qualidade do livro \u00e9 dos brindes. Agora espero, ansiosamente,  pela pr\u00f3xima campanha para participar. <\/p>\t\t<\/div>\n\t\t\t\t\t<\/div>\n\t\t<\/div>\n\t\t\t\t<div class=\"katb_test_box_basic\">\n\t\t\t<div class=\"katb_title_rating_wrap\">\n\t\t\t\t\t\t<\/div>\n\t\t\t<div class=\"katb_meta_top\">\n\t\t\t\t\t<span class=\"katb_author\">\n\t\t\tClaudio Augusto Martins\t\t\t&nbsp;&nbsp;\t\t<\/span>\n\t\t\t\t\t<\/div>\n\t\t\t<div class=\"katb_testimonial_wrap\">\n\t\t\t\t\t\t<div class=\"katb_test_text_basic\" >\n\t\t<p>Ola bom dia<br \/>\nAmo comprar os livros da Editora Click Tower<br \/>\nJ\u00e1 comprei , v\u00e1rios , e s\u00e3o muito bons o Sr Denilson e uma pessoa fant\u00e1stica e maravilhosa. Sucesso sempre <\/p>\t\t<\/div>\n\t\t\t\t\t<\/div>\n\t\t<\/div>\n\t\t\t\t<div class=\"katb_test_box_basic\">\n\t\t\t<div class=\"katb_title_rating_wrap\">\n\t\t\t\t\t\t<\/div>\n\t\t\t<div class=\"katb_meta_top\">\n\t\t\t\t\t<span class=\"katb_author\">\n\t\t\tMarco\t\t\t&nbsp;&nbsp;\t\t<\/span>\n\t\t\t\t\t<\/div>\n\t\t\t<div class=\"katb_testimonial_wrap\">\n\t\t\t\t\t\t<div class=\"katb_test_text_basic\" >\n\t\t<p>Opiniao sobre o site<\/p>\t\t<\/div>\n\t\t\t\t\t<\/div>\n\t\t<\/div>\n\t\t\t\t<div class=\"katb_test_box_basic\">\n\t\t\t<div class=\"katb_title_rating_wrap\">\n\t\t\t\t\t\t<\/div>\n\t\t\t<div class=\"katb_meta_top\">\n\t\t\t\t\t<span class=\"katb_author\">\n\t\t\tEduardo Fabro\t\t\t&nbsp;&nbsp;\t\t<\/span>\n\t\t\t\t\t<\/div>\n\t\t\t<div class=\"katb_testimonial_wrap\">\n\t\t\t\t\t\t<div class=\"katb_test_text_basic\" >\n\t\t<p>Come\u00e7o esta mensagem parabenizando o \u00f3timo trabalho feito em \u201cMundo Sombrio\u201d, foi provavelmente o melhor livro lan\u00e7ado (em termos de qualidade e estrutura) pela editora, o que demonstra a evolu\u00e7\u00e3o da mesma ao longo do tempo. Al\u00e9m da inclus\u00e3o das ilustra\u00e7\u00f5es ter dado bastante vida ao trabalho, destaco tamb\u00e9m a import\u00e2ncia cultural da editora, trazendo os grandes mestres desconhecidos a um novo p\u00fablico.<\/p>\t\t<\/div>\n\t\t\t\t\t<\/div>\n\t\t<\/div>\n\t\t\t\t<div class=\"katb_test_box_basic\">\n\t\t\t<div class=\"katb_title_rating_wrap\">\n\t\t\t\t\t\t<\/div>\n\t\t\t<div class=\"katb_meta_top\">\n\t\t\t\t\t<span class=\"katb_author\">\n\t\t\tleylane leite santos\t\t\t&nbsp;&nbsp;\t\t<\/span>\n\t\t\t\t\t<\/div>\n\t\t\t<div class=\"katb_testimonial_wrap\">\n\t\t\t\t\t\t<div class=\"katb_test_text_basic\" >\n\t\t<p>amei mas deveria ter mais livros<\/p>\t\t<\/div>\n\t\t\t\t\t<\/div>\n\t\t<\/div>\n\t\t\t\t<div class=\"katb_test_box_basic\">\n\t\t\t<div class=\"katb_title_rating_wrap\">\n\t\t\t\t\t\t<\/div>\n\t\t\t<div class=\"katb_meta_top\">\n\t\t\t\t\t<span class=\"katb_author\">\n\t\t\tAnderson dos Santos\t\t\t&nbsp;&nbsp;\t\t<\/span>\n\t\t\t\t\t<\/div>\n\t\t\t<div class=\"katb_testimonial_wrap\">\n\t\t\t\t\t\t<div class=\"katb_test_text_basic\" >\n\t\t<p>Comprei e aguardei e n\u00e3o me arrependo. Cada passo do projeto era relatado e qualquer duvida que tivesse era respondida. Recebi meu exemplar, muito bem montado (como esperado de um livro de luxo) e fiquei muito satisfeito. Espero ansioso pelo pr\u00f3ximo projeto do estilo que com toda certeza, ter\u00e1 o meu apoio. Literaturas que embora cl\u00e1ssicas s\u00e3o in\u00e9ditas no pa\u00eds, todas traduzidas e bem impressas s\u00e3o sempre bem vindas.<\/p>\t\t<\/div>\n\t\t\t\t\t<\/div>\n\t\t<\/div>\n\t\t\t\t<div class=\"katb_test_box_basic\">\n\t\t\t<div class=\"katb_title_rating_wrap\">\n\t\t\t\t\t\t<\/div>\n\t\t\t<div class=\"katb_meta_top\">\n\t\t\t\t\t<span class=\"katb_author\">\n\t\t\tArt\u00eamio Prado\t\t\t&nbsp;&nbsp;\t\t<\/span>\n\t\t\t\t\t<\/div>\n\t\t\t<div class=\"katb_testimonial_wrap\">\n\t\t\t\t\t\t<div class=\"katb_test_text_basic\" >\n\t\t<p>Meu exemplar chegou. E falar na qualidade \u00e9 chover no molhado, pois a Editora Clock Tower realmente cumpre aquilo que promete. Meus parab\u00e9ns ao Den\u00edlson, e a toda Equipe envolvida. E que venham novos Lan\u00e7amentos!!!!!<\/p>\t\t<\/div>\n\t\t\t\t\t<\/div>\n\t\t<\/div>\n\t\t\t\t<div class=\"katb_test_box_basic\">\n\t\t\t<div class=\"katb_title_rating_wrap\">\n\t\t\t\t\t\t<\/div>\n\t\t\t<div class=\"katb_meta_top\">\n\t\t\t\t\t<span class=\"katb_author\">\n\t\t\tFelipe Santos\t\t\t&nbsp;&nbsp;\t\t<\/span>\n\t\t\t\t\t<\/div>\n\t\t\t<div class=\"katb_testimonial_wrap\">\n\t\t\t\t\t\t<div class=\"katb_test_text_basic\" >\n\t\t<p>Parab\u00e9ns para a editora, voc\u00eas s\u00e3o hiper confi\u00e1veis e o trabalho \u00e9 de extrema qualidade! Estou super satisfeito com o meu livro!<\/p>\t\t<\/div>\n\t\t\t\t\t<\/div>\n\t\t<\/div>\n\t\t\t\t<div class=\"katb_test_box_basic\">\n\t\t\t<div class=\"katb_title_rating_wrap\">\n\t\t\t\t\t\t<\/div>\n\t\t\t<div class=\"katb_meta_top\">\n\t\t\t\t\t<span class=\"katb_author\">\n\t\t\tMoyses Vasconcelos\t\t\t&nbsp;&nbsp;\t\t<\/span>\n\t\t\t\t\t<\/div>\n\t\t\t<div class=\"katb_testimonial_wrap\">\n\t\t\t\t\t\t<div class=\"katb_test_text_basic\" >\n\t\t<p>Ol\u00e1, Den\u00edlson!<br \/>\nConfirmo o recebimento (bem r\u00e1pido) do livro, em \u00f3timo estado! Muito obrigado, parab\u00e9ns.<br \/>\nUm abra\u00e7o,<br \/>\nMatheus<\/p>\t\t<\/div>\n\t\t\t\t\t<\/div>\n\t\t<\/div>\n\t\t\t\t<div class=\"katb_test_box_basic\">\n\t\t\t<div class=\"katb_title_rating_wrap\">\n\t\t\t\t\t\t<\/div>\n\t\t\t<div class=\"katb_meta_top\">\n\t\t\t\t\t<span class=\"katb_author\">\n\t\t\tElp\u00eddio Coutinho\t\t\t&nbsp;&nbsp;\t\t<\/span>\n\t\t\t\t\t<\/div>\n\t\t\t<div class=\"katb_testimonial_wrap\">\n\t\t\t\t\t\t<div class=\"katb_test_text_basic\" >\n\t\t<p>Acabo de receber o exemplar do \u201cO Mundo Fant\u00e1stico de H.P. Lovecraft\u201d, como solicitado. Quero aqui deixar expresso a minha satisfa\u00e7\u00e3o por poder contar em minha biblioteca com obra t\u00e3o imponente do ponto de vista editorial e t\u00e3o bem acabada graficamente. N\u00e3o tenho palavras para retribuir a sua gentileza, compreens\u00e3o e disponibilidade quando da negocia\u00e7\u00e3o do valor. \u00c9 muito bom conviver com pessoas que se esmeram em ser um profissionais eficientes e gentis, como \u00e9 o seu caso. Um grande <\/p><a href=\"#\" class=\"katb_excerpt_more\" data-id=\"katb_content_7\" > ...more<\/a>\t\t<\/div>\n\t\t\t\t\t<\/div>\n\t\t<\/div>\n\t\t\t<div id=\"popwrap_katb_content_7\">\n\t<div class=\"katb_topopup\" id=\"katb_content_7\">\n\t\t<div class=\"katb_close\"><\/div>\n\t\t<div class=\"katb_popup_wrap katb_content\">\n\t\t\t<div class=\"katb_title_rating_wrap\">\n\t\t\t\t\t\t<\/div>\n\t\t\t<div class=\"katb_meta_top\">\n\t\t\t\t\t\t<span class=\"katb_author\">\n\t\t\tElp\u00eddio Coutinho\t\t\t&nbsp;&nbsp;\t\t<\/span>\n\t\t\t\t\t<\/div>\n\t\t\t<div class=\"katb_testimonial_wrap\">\n\t\t\t\t\t<div class=\"katb_test_text_basic\" >\n\t\t<p>Acabo de receber o exemplar do \u201cO Mundo Fant\u00e1stico de H.P. Lovecraft\u201d, como solicitado. Quero aqui deixar expresso a minha satisfa\u00e7\u00e3o por poder contar em minha biblioteca com obra t\u00e3o imponente do ponto de vista editorial e t\u00e3o bem acabada graficamente. N\u00e3o tenho palavras para retribuir a sua gentileza, compreens\u00e3o e disponibilidade quando da negocia\u00e7\u00e3o do valor. \u00c9 muito bom conviver com pessoas que se esmeram em ser um profissionais eficientes e gentis, como \u00e9 o seu caso. Um grande abra\u00e7o e uma semana em paz para voc\u00ea e os seus.<\/p>\n\t\t<\/div>\n\t\t\t\t\t<\/div>\n\t\t<\/div>\n\t<\/div>\n\t<div class=\"katb_loader\"><\/div>\n\t<div class=\"katb_excerpt_popup_bg\" id=\"katb_content_7_bg\"><\/div>\n\t<\/div>\n\t\t\t<div class=\"katb_test_box_basic\">\n\t\t\t<div class=\"katb_title_rating_wrap\">\n\t\t\t\t\t\t<\/div>\n\t\t\t<div class=\"katb_meta_top\">\n\t\t\t\t\t<span class=\"katb_author\">\n\t\t\tAlexandre Costa\t\t\t&nbsp;&nbsp;\t\t<\/span>\n\t\t\t\t\t<\/div>\n\t\t\t<div class=\"katb_testimonial_wrap\">\n\t\t\t\t\t\t<div class=\"katb_test_text_basic\" >\n\t\t<p>A Clock Tower tem uma proposta limpa e consistente, trazendo produtos \u00fanicos e valiosos para a nossa literatura, sempre com seriedade e transpar\u00eancia. Estou na equipe de cria\u00e7\u00e3o desde o primeiro lan\u00e7amento e a cada novo projeto, novos talentos, em diversas \u00e1reas, s\u00e3o descobertos e apresentados ao universo editorial.<\/p>\t\t<\/div>\n\t\t\t\t\t<\/div>\n\t\t<\/div>\n\t\t\t\t<div class=\"katb_test_box_basic\">\n\t\t\t<div class=\"katb_title_rating_wrap\">\n\t\t\t\t\t\t<\/div>\n\t\t\t<div class=\"katb_meta_top\">\n\t\t\t\t\t<span class=\"katb_author\">\n\t\t\tDiego P. Soares\t\t\t&nbsp;&nbsp;\t\t<\/span>\n\t\t\t\t\t<\/div>\n\t\t\t<div class=\"katb_testimonial_wrap\">\n\t\t\t\t\t\t<div class=\"katb_test_text_basic\" >\n\t\t<p>Parab\u00e9ns para a Editora Clock Tower! Com uma sele\u00e7\u00e3o de \u00f3timos livros, sempre que poss\u00edvel irei apoiar as campanhas!!!<br \/>\nQue a editora cres\u00e7a muito,<br \/>\nSucesso!!!<\/p>\t\t<\/div>\n\t\t\t\t\t<\/div>\n\t\t<\/div>\n\t\t\t\t<div class=\"katb_test_box_basic\">\n\t\t\t<div class=\"katb_title_rating_wrap\">\n\t\t\t\t\t\t<\/div>\n\t\t\t<div class=\"katb_meta_top\">\n\t\t\t\t\t<span class=\"katb_author\">\n\t\t\tEverton Ralph\t\t\t&nbsp;&nbsp;\t\t<\/span>\n\t\t\t\t\t<\/div>\n\t\t\t<div class=\"katb_testimonial_wrap\">\n\t\t\t\t\t\t<div class=\"katb_test_text_basic\" >\n\t\t<p>Ol\u00e1...<br \/>\nMando esse e-mail para lhes felicitar por seus trabalhos.<br \/>\nVoc\u00eas s\u00e3o muito s\u00e9rio no que fazem...<br \/>\nEsse e-mail \u00e9 um teste.<\/p>\n<p>[]\u00b4s Everton<\/p>\t\t<\/div>\n\t\t\t\t\t<\/div>\n\t\t<\/div>\n\t\t\t\t<div class=\"katb_test_box_basic\">\n\t\t\t<div class=\"katb_title_rating_wrap\">\n\t\t\t\t\t\t<\/div>\n\t\t\t<div class=\"katb_meta_top\">\n\t\t\t\t\t<span class=\"katb_author\">\n\t\t\tMarcos\t\t\t&nbsp;&nbsp;\t\t<\/span>\n\t\t\t\t\t<\/div>\n\t\t\t<div class=\"katb_testimonial_wrap\">\n\t\t\t\t\t\t<div class=\"katb_test_text_basic\" >\n\t\t<p>Oiee...<\/p>\n<p>Gostei muito do trabalho de vcs!<\/p>\n<p>Marcos<\/p>\t\t<\/div>\n\t\t\t\t\t<\/div>\n\t\t<\/div>\n\t\t\t\t<div class=\"katb_test_box_basic\">\n\t\t\t<div class=\"katb_title_rating_wrap\">\n\t\t\t\t\t\t<\/div>\n\t\t\t<div class=\"katb_meta_top\">\n\t\t\t\t\t<span class=\"katb_author\">\n\t\t\tGlauber Coutinho\t\t\t&nbsp;&nbsp;\t\t<\/span>\n\t\t\t\t\t<\/div>\n\t\t\t<div class=\"katb_testimonial_wrap\">\n\t\t\t\t\t\t<div class=\"katb_test_text_basic\" >\n\t\t<p>Den\u00edlson, obrigado por existir! Espetacular o que tem feito pela cultura e literatura! Voc\u00ea \u00e9 seus, agora, colegas de trabalho. Trabalho joia demais!<\/p>\t\t<\/div>\n\t\t\t\t\t<\/div>\n\t\t<\/div>\n\t\t\t\t<div class=\"katb_test_box_basic\">\n\t\t\t<div class=\"katb_title_rating_wrap\">\n\t\t\t\t\t\t<\/div>\n\t\t\t<div class=\"katb_meta_top\">\n\t\t\t\t\t<span class=\"katb_author\">\n\t\t\tAdriano Rodrigues\t\t\t&nbsp;&nbsp;\t\t<\/span>\n\t\t\t\t\t<\/div>\n\t\t\t<div class=\"katb_testimonial_wrap\">\n\t\t\t\t\t\t<div class=\"katb_test_text_basic\" >\n\t\t<p>Continuem com o \u00f3timo trabalho e grandes lan\u00e7amentos (\u00e0 prop\u00f3sito, tenho todos). Desejo que a Clock Tower continue crescendo cada vez mais, resgatando estas obras e autores fant\u00e1sticos e nos presenteando com estas edi\u00e7\u00f5es caprichadas, que enchem nossos olhos\u2026 &#x1f642;<\/p>\t\t<\/div>\n\t\t\t\t\t<\/div>\n\t\t<\/div>\n\t\t\t\t<div class=\"katb_test_box_basic\">\n\t\t\t<div class=\"katb_title_rating_wrap\">\n\t\t\t\t\t\t<\/div>\n\t\t\t<div class=\"katb_meta_top\">\n\t\t\t\t\t<span class=\"katb_author\">\n\t\t\tGeorge Bezerra\t\t\t&nbsp;&nbsp;\t\t<\/span>\n\t\t\t\t\t<\/div>\n\t\t\t<div class=\"katb_testimonial_wrap\">\n\t\t\t\t\t\t<div class=\"katb_test_text_basic\" >\n\t\t<p>Eu agrade\u00e7o pelo trabalho \u00e1rduo feito pela editora para colocar estes grandes autores que se n\u00e3o fosse por voc\u00eas talvez nunca ver\u00edamos por aqui, claro que a editora \u00e9 uma empresa mas eu tenho certeza que o que a grande engrenagem que move a Clock Tower \u00e9 o amor pela literatura.<\/p>\t\t<\/div>\n\t\t\t\t\t<\/div>\n\t\t<\/div>\n\t\t\t\t<div class=\"katb_test_box_basic\">\n\t\t\t<div class=\"katb_title_rating_wrap\">\n\t\t\t\t\t\t<\/div>\n\t\t\t<div class=\"katb_meta_top\">\n\t\t\t\t\t<span class=\"katb_author\">\n\t\t\tAirone Cunha\t\t\t&nbsp;&nbsp;\t\t<\/span>\n\t\t\t\t\t<\/div>\n\t\t\t<div class=\"katb_testimonial_wrap\">\n\t\t\t\t\t\t<div class=\"katb_test_text_basic\" >\n\t\t<p>Sauda\u00e7\u00f5es! O novo visual do site ficou maravilhoso! Poderiam publicar mais material na sess\u00e3o Blog, sobre escritores cl\u00e1ssicos e modernos dentro do Universo da editora e outras tem\u00e1ticas relacionadas. Mas as mudan\u00e7as ficaram \u00f3timas!<\/p>\t\t<\/div>\n\t\t\t\t\t<\/div>\n\t\t<\/div>\n\t\t\t\t<div class=\"katb_test_box_basic\">\n\t\t\t<div class=\"katb_title_rating_wrap\">\n\t\t\t\t\t\t<\/div>\n\t\t\t<div class=\"katb_meta_top\">\n\t\t\t\t\t<span class=\"katb_author\">\n\t\t\tAlexandre Simas\t\t\t&nbsp;&nbsp;\t\t<\/span>\n\t\t\t\t\t<\/div>\n\t\t\t<div class=\"katb_testimonial_wrap\">\n\t\t\t\t\t\t<div class=\"katb_test_text_basic\" >\n\t\t<p>Parab\u00e9ns para a Editora Clock Tower! Lembro quando adquiri \u2018O Mundo Fant\u00e1stico de H. P. Lovecraft\u2019\u2026  E o livro \u00e9 simplesmente \u00f3timo desde a tradu\u00e7\u00e3o ao processo gr\u00e1fico! Ent\u00e3o, s\u00f3 tenho o melhor de se esperar para o futuro<\/p>\t\t<\/div>\n\t\t\t\t\t<\/div>\n\t\t<\/div>\n\t\t\t\t<div class=\"katb_test_box_basic\">\n\t\t\t<div class=\"katb_title_rating_wrap\">\n\t\t\t\t\t\t<\/div>\n\t\t\t<div class=\"katb_meta_top\">\n\t\t\t\t\t<span class=\"katb_author\">\n\t\t\tFabio Bocco\t\t\t&nbsp;&nbsp;\t\t<\/span>\n\t\t\t\t\t<\/div>\n\t\t\t<div class=\"katb_testimonial_wrap\">\n\t\t\t\t\t\t<div class=\"katb_test_text_basic\" >\n\t\t<p>\u201cRecebi meu exemplar. A edi\u00e7\u00e3o est\u00e1 bel\u00edssima. Como sempre a Clock Tower est\u00e1 de parab\u00e9ns.\u201d<br \/>\nObrigado e um abra\u00e7o.<\/p>\t\t<\/div>\n\t\t\t\t\t<\/div>\n\t\t<\/div>\n\t\t<\/div>\n<div class=\"katb_clear_fix\"><\/div>\n\n<\/div>\n<\/div>\n","protected":false},"excerpt":{"rendered":"<p>&nbsp;<\/p>\n","protected":false},"author":1,"featured_media":0,"parent":0,"menu_order":0,"comment_status":"closed","ping_status":"closed","template":"","meta":{"jetpack_post_was_ever_published":false},"jetpack_sharing_enabled":true,"jetpack_shortlink":"https:\/\/wp.me\/P9U4qX-9dc","_links":{"self":[{"href":"https:\/\/sitelovecraft.com\/editora\/wp-json\/wp\/v2\/pages\/35414"}],"collection":[{"href":"https:\/\/sitelovecraft.com\/editora\/wp-json\/wp\/v2\/pages"}],"about":[{"href":"https:\/\/sitelovecraft.com\/editora\/wp-json\/wp\/v2\/types\/page"}],"author":[{"embeddable":true,"href":"https:\/\/sitelovecraft.com\/editora\/wp-json\/wp\/v2\/users\/1"}],"replies":[{"embeddable":true,"href":"https:\/\/sitelovecraft.com\/editora\/wp-json\/wp\/v2\/comments?post=35414"}],"version-history":[{"count":37,"href":"https:\/\/sitelovecraft.com\/editora\/wp-json\/wp\/v2\/pages\/35414\/revisions"}],"predecessor-version":[{"id":35947,"href":"https:\/\/sitelovecraft.com\/editora\/wp-json\/wp\/v2\/pages\/35414\/revisions\/35947"}],"wp:attachment":[{"href":"https:\/\/sitelovecraft.com\/editora\/wp-json\/wp\/v2\/media?parent=35414"}],"curies":[{"name":"wp","href":"https:\/\/api.w.org\/{rel}","templated":true}]}}